+ 33. Suppose 3*p - 8 = k*j - 3*j, -3*j = -6. Let r be g(p). Calculate the highest common factor of r and 8.
8
Suppose 0 = -4*o - 3*c + 2160, 4*o - 2160 = 42*c - 41*c. What is the greatest common factor of 20 and o?
20
Let f(w) = w - 8. Let k be f(12). Suppose k*y - 2*o = 668, 6*o - 805 = -5*y + o. Suppose -2*p = -73 - y. Calculate the highest common divisor of p and 17.
17
Let m(a) = -a**3 - 26*a**2 - 12*a + 3. Let y be m(-26). Calculate the highest common divisor of 140 and y.
35
Suppose -7*d + 15 = -20. Suppose 4*v - 64 = -0*p - 2*p, -d*p = 5*v - 80. Calculate the greatest common factor of 176 and v.
16
Suppose 4*p - 4*q - 24 = 0, -3*p + q + 6 = -6. Let a be p/12 + (-54)/(-8). Let w be 500/12 - (-7)/21. Calculate the greatest common divisor of w and a.
7
Let x(j) = j**3 - 12*j**2 + 23*j + 3. Let v be x(10). What is the highest common divisor of 22 and v?
11
Suppose 13*g - 619 = 44. What is the greatest common divisor of g and 17?
17
Suppose 2*g = g. Suppose g = -s + 2*s + 3*c, 0 = -3*c - 3. Suppose -s*h + 137 = -214. Calculate the highest common divisor of h and 13.
13
Let c be 74/26 + 8/52. Suppose -3*y + 177 = c*w, -5*y = 2*w - 70 - 57. Suppose -b + 14 = b. Calculate the greatest common factor of w and b.
7
Let p = 21 - 18. Suppose -p*l - 4*w + 6 = -0, -2 = -l - 4*w. Let n = l - -10. What is the highest common factor of 18 and n?
6
Suppose 61*q + 17*q = 8736. Let h(w) = w + 8. Let y be h(-7). Let f be ((-4)/5)/(y/(-20)). Calculate the greatest common factor of f and q.
16
Let q(z) = 112*z + 693. Let h be q(-6). What is the highest common divisor of h and 987?
21
Suppose -53*z - 110 = -58*z. Suppose -2*q = -3*v - 14 - 58, -q = -3*v - 39. What is the highest common divisor of z and q?
11
Let s be (-2)/2*1*-3. Suppose 1 = -2*d - s. Let x be ((-7)/d)/((-4)/(-16)). Calculate the highest common divisor of 112 and x.
14
Let z = -12 - -18. Suppose -h - 5*m = 4, 6*h = h + 2*m + 34. Calculate the greatest common divisor of h and z.
6
Suppose 2*r = -s + 6*r + 60, -3*s = 2*r - 138. Suppose t - 207 = -2*c + 329, 4*t = 3*c + 2100. What is the highest common divisor of t and s?
48
Suppose -33 + 1 = 2*s. Let y be (-32)/5 - s/40. Let q = 1 - y. Calculate the highest common factor of 77 and q.
7
Let o = -1 + 6. Suppose 459 + 81 = o*v. Let u = -74 + v. What is the highest common factor of 374 and u?
34
Let j be (-32768)/160 - (-1 - (-6)/5). Let k = j + 409. Calculate the greatest common factor of 12 and k.
12
Let x(z) = 11*z - 36. Let j be x(4). Calculate the highest common divisor of 2 and j.
2
Let k = -16 + 70. Let f be (-6136)/4602 + 2*11*(-1)/(-3). What is the highest common factor of k and f?
6
Let j = 3 + 0. Let g(l) = -l**2 + 13*l + 1. Let s be g(10). Suppose -4*p + 29 + s = 0. What is the highest common divisor of j and p?
3
Let i be (2/6)/(2/18). Suppose 0 = n + 2*h - 1 - 4, 85 = 5*n - 2*h. Suppose 5*g = -0 + n. Calculate the greatest common divisor of i and g.
3
Let b(a) = -43*a**3 - a**2 - 7*a - 13. Let l be b(-2). What is the greatest common divisor of l and 11?
11
Suppose 10*f - 256 = 2*f. Calculate the highest common divisor of 1616 and f.
16
Suppose 3*q - 1278 = -3*z, 26*z + 855 = 2*q + 27*z. Calculate the highest common factor of q and 39.
39
Let q(u) = -u + 61. Let m be q(0). Let g = -4 + m. Suppose -g = -5*x + 28. What is the highest common divisor of 34 and x?
17
Let j(w) = 4*w**3 - 6*w**2 - 2*w + 17. Let i be j(3). Let p be (1 + -27)/((-4)/6). What is the highest common divisor of i and p?
13
Suppose -5 = s + 4*s. Let m(x) = 17*x**2 + x + 1. Let f be m(s). What is the highest common factor of f and 187?
17
Let x be 4*(3/(-2))/(-3). Suppose 3 = -x*a - 5*w + 2, 4*w = 3*a - 56. Suppose 60 = 3*k + 51. Calculate the greatest common factor of k and a.
3
Let h(z) = 66*z - 39. Let c be h(6). What is the highest common factor of 21 and c?
21
Let z be ((-5)/5 - 2) + 7. Suppose z*j = -3*h - j + 104, -h + 4*j = -12. Calculate the highest common divisor of h and 4.
4
Let n be 4*(0 + 3/(-2)). Let r be (-2)/6 + (-212)/n. Let p be ((-28)/(-18))/((-168)/(-27) - 6). What is the greatest common divisor of p and r?
7
Suppose 15 - 17 = -2*p. Suppose 5*s = -0*s + 40. Suppose s*f - 7 = 2*w + 3*f, 5*w = f + 17. Calculate the greatest common divisor of w and p.
1
Let v = 282 - 226. Suppose 3*w + w = 56. Calculate the highest common factor of w and v.
14
Let j be (-70)/(-3)*(4 + -1). Suppose -3*w - 4*p + 154 = 0, 0*w - w - 5*p = -66. Let u = w + -36. What is the greatest common divisor of u and j?
10
Suppose 3*u + 51 = -75. Let q = 48 + u. Calculate the highest common factor of 24 and q.
6
Suppose 0 = x + 2, -2*y = 2*x - 15 - 7. Suppose 0 = -2*p + 11 + 15. Calculate the highest common factor of p and y.
13
Let h be (4/(-10))/(2/(-350)). Suppose -o = -l + 6*l - 468, 0 = -3*l - 3*o + 288. Let q = l + -65. What is the greatest common divisor of q and h?
14
Suppose -5*o + 137 = 2. Let r = 39 - o. Calculate the greatest common divisor of 12 and r.
12
Let c(k) = -8*k + 5 - 137*k**2 - 10*k + 140*k**2. Let z be c(7). Calculate the highest common factor of z and 26.
26
Let t = -21 - -12. Let f = t + 5. Let a be 14 - 2/f*-6. Calculate the greatest common divisor of 88 and a.
11
Let k(z) = -4*z + 2. Let h be k(-1). Let t be h/(-2) - (-22 - -4). What is the greatest common factor of t and 60?
15
Let z be 37 - 99/(0 - -11). What is the greatest common divisor of z and 854?
14
Suppose -147 = -t + 49. What is the greatest common factor of 84 and t?
28
Suppose 3*a - 34 = 11. Suppose 81*s - 87*s + 450 = 0. Calculate the highest common factor of s and a.
15
Let z(x) = 111*x + 6. Let d be z(4). Suppose -18*r + d = -13*r. Calculate the greatest common factor of r and 30.
30
Suppose -4*c = 4*d - 20, 2*d + 0*c - 3*c = 25. Suppose -19*f = 10*f - 2088. Calculate the greatest common divisor of d and f.
8
Suppose 3*g + 52 = 4*g. Suppose -11*z - g = -13*z. Calculate the highest common divisor of 65 and z.
13
Let x be 46 + (-5)/((-15)/6). Suppose 3*h - 121 = -5*b, 98*h - 180 = 93*h - 4*b. What is the highest common divisor of x and h?
16
Let q = 2200 + -2188. What is the highest common divisor of 1656 and q?
12
Suppose -1892 = -8*r + 388. What is the greatest common factor of r and 25?
5
Let f be ((-72)/28)/(3/(-28)). Suppose 0 = -8*r + 8 + f. What is the greatest common factor of 10 and r?
2
Let z = 555 - 553. What is the highest common divisor of z and 32?
2
Suppose 21*s - 25*s = -60. Calculate the greatest common divisor of 5 and s.
5
Suppose 3*g - t - 172 = -g, 2*g = 2*t + 80. Let a(v) = v**3 - 6*v**2 - 9*v + 80. Let u be a(7). What is the highest common factor of u and g?
22
Let o = -4 + 6. Let m(d) = 1 + 3 - d - 6*d**2 + 20*d**o. Let w be m(-3). Calculate the greatest common divisor of w and 19.
19
Suppose -630*a + 632*a - 176 = 0. Let o = 10 + -6. Suppose 0 = -2*v + o*h + 36, 2*h = -2*h + 8. Calculate the greatest common divisor of v and a.
22
Let m(q) = -4*q**2 - 2*q + 2. Let x be m(1). Let j(r) = -3*r + 2. Let n be j(x). Let s = n + -6. Calculate the highest common divisor of 2 and s.
2
Suppose -3*l + 197 + 118 = 0. Let o(h) = h**3 - 46*h**2 - 95*h - 33. Let c be o(48). Calculate the greatest common divisor of l and c.
15
Let z(c) = -5*c + 6*c - 13 + 19. Let w be z(2). Suppose -2*g - 5*h + 53 = 0, -5*g + 4*h - h + 117 = 0. Calculate the greatest common factor of w and g.
8
Let h = 1641 - 1621. What is the greatest common factor of h and 124?
4
Suppose 0 = 5*v - 3*b - 92, -2*b = 2*v - 27 - 13. Suppose 2*c + v - 33 = 0. What is the highest common factor of 56 and c?
7
Let d(o) = -o - 5. Let f be d(-7). Let r(k) = k**3 - 7*k - 4*k + 2 + 3*k**f + k**2 + 5*k. Let a be r(-5). What is the highest common factor of a and 1?
1
Let r(v) = 6*v + 8. Let k be r(-1). Suppose k*b - 40 = -4. What is the greatest common divisor of b and 6?
6
Suppose -6*w + 5 = -97. Suppose 0 = -5*s + 6*s - w. Suppose -a - k = -5*a + 476, 0 = 4*a - 5*k - 476. What is the highest common divisor of s and a?
17
Suppose 0 = -3*q + 6 + 6. Let j = 10 + q. Let w(p) = -5*p - 1. Let d be w(-3). Calculate the highest common divisor of d and j.
14
Let v be (3 - (-3)/3) + 78 + -2. Calculate the greatest common factor of 140 and v.
20
Let z be 6*(-12)/144 - (-1218)/4. Calculate the highest common factor of 114 and z.
38
Let 